{"id":6673,"date":"2021-11-05T15:42:08","date_gmt":"2021-11-05T13:42:08","guid":{"rendered":"https:\/\/lanasyovillos.com\/?post_type=product&#038;p=6673"},"modified":"2021-11-05T15:48:33","modified_gmt":"2021-11-05T13:48:33","slug":"patron-abrigo-bebe","status":"publish","type":"product","link":"https:\/\/lanasyovillos.com\/es\/producto\/patron-abrigo-bebe\/","title":{"rendered":"Patr\u00f3n Abrigo Beb\u00e9"},"content":{"rendered":"<p>Una chaqueta muy f\u00e1cil de tejer en dos agujas. No es necesario tener un nivel avanzado para tejerla. Solo saber tejer del derecho, montaje de punto, y cerrar los puntos.<\/p>\n<p>Est\u00e1 todo explicado paso a paso en el v\u00eddeo de soporte.<\/p>\n<p>El patr\u00f3n incluye las instrucciones para 3 tallas: 0-6 meses , 6-12 meses, 12-24 meses.<\/p>\n<p>Con tabla de medidas y muestra de tensi\u00f3n para que puedas adaptarlo a los materiales que tengas.<\/p>\n<p>NO ES LA CHAQUETA TERMINADA, SOLO EL PATR\u00d3N EN PDF CON LAS INSTRUCCIONES PASO A PASO<\/p>\n","protected":false},"excerpt":{"rendered":"<p>Patr\u00f3n en PDF del Abrigo de Beb\u00e9 Degradado DESCARGABLE.<\/p>\n<p>TALLA 12-24 MESES + REGALO TALLAS 0-6\u00a0 Y 6-12 MESES<\/p>\n<p>El patr\u00f3n incluye una tabla de medidas y las instrucciones escritas hilera por hilera, as\u00ed como las instrucciones para hacer el degradado de colores, y acceso a un v\u00eddeo paso a paso<\/p>\n","protected":false},"featured_media":6683,"comment_status":"open","ping_status":"closed","template":"","meta":{"_kad_post_transparent":"default","_kad_post_title":"","_kad_post_layout":"default","_kad_post_sidebar_id":"","_kad_post_content_style":"default","_kad_post_vertical_padding":"default","_kad_post_feature":"","_kad_post_feature_position":"","_kad_post_header":false,"_kad_post_footer":false},"product_cat":[122,121],"product_tag":[],"class_list":{"0":"post-6673","1":"product","2":"type-product","3":"status-publish","4":"has-post-thumbnail","6":"product_cat-bebe","7":"product_cat-infantil","9":"first","10":"instock","11":"downloadable","12":"virtual","13":"product-type-simple","14":"entry","15":"content-bg","16":"loop-entry"},"_links":{"self":[{"href":"https:\/\/lanasyovillos.com\/es\/wp-json\/wp\/v2\/product\/6673","targetHints":{"allow":["GET"]}}],"collection":[{"href":"https:\/\/lanasyovillos.com\/es\/wp-json\/wp\/v2\/product"}],"about":[{"href":"https:\/\/lanasyovillos.com\/es\/wp-json\/wp\/v2\/types\/product"}],"replies":[{"embeddable":true,"href":"https:\/\/lanasyovillos.com\/es\/wp-json\/wp\/v2\/comments?post=6673"}],"wp:featuredmedia":[{"embeddable":true,"href":"https:\/\/lanasyovillos.com\/es\/wp-json\/wp\/v2\/media\/6683"}],"wp:attachment":[{"href":"https:\/\/lanasyovillos.com\/es\/wp-json\/wp\/v2\/media?parent=6673"}],"wp:term":[{"taxonomy":"product_cat","embeddable":true,"href":"https:\/\/lanasyovillos.com\/es\/wp-json\/wp\/v2\/product_cat?post=6673"},{"taxonomy":"product_tag","embeddable":true,"href":"https:\/\/lanasyovillos.com\/es\/wp-json\/wp\/v2\/product_tag?post=6673"}],"curies":[{"name":"wp","href":"https:\/\/api.w.org\/{rel}","templated":true}]}}

Patrón Abrigo Bebé

<p>Una chaqueta muy fácil de tejer en dos agujas. No es necesario tener un nivel avanzado para tejerla. Solo saber tejer del derecho, montaje de punto, y cerrar los puntos.</p>
<p>Está todo explicado paso a paso en el vídeo de soporte.</p>
<p>El patrón incluye las instrucciones para 3 tallas: 0-6 meses , 6-12 meses, 12-24 meses.</p>
<p>Con tabla de medidas y muestra de tensión para que puedas adaptarlo a los materiales que tengas.</p>
<p>NO ES LA CHAQUETA TERMINADA, SOLO EL PATRÓN EN PDF CON LAS INSTRUCCIONES PASO A PASO</p>

<p>Patrón en PDF del Abrigo de Bebé Degradado DESCARGABLE.</p>
<p>TALLA 12-24 MESES + REGALO TALLAS 0-6  Y 6-12 MESES</p>
<p>El patrón incluye una tabla de medidas y las instrucciones escritas hilera por hilera, así como las instrucciones para hacer el degradado de colores, y acceso a un vídeo paso a paso</p>
